{"id":2190,"date":"2026-01-14T14:27:16","date_gmt":"2026-01-14T14:27:16","guid":{"rendered":"https:\/\/schmaehingen.info\/?page_id=2190"},"modified":"2026-04-03T12:13:17","modified_gmt":"2026-04-03T12:13:17","slug":"schmaehingen-im-januar-2026","status":"publish","type":"page","link":"https:\/\/schmaehingen.info\/?page_id=2190","title":{"rendered":"Bekanntmachungen"},"content":{"rendered":"\n<div style=\"height:18px\" aria-hidden=\"true\" class=\"wp-block-spacer\"><\/div>\n\n\n\n<p><strong><a href=\"https:\/\/www.schmaehingen.info\/dorf\/bekanntmachungen.pdf\" target=\"_blank\" rel=\"noreferrer noopener\">AKTUELLE   BEKANNTMACHUNGEN  (download)<\/a><\/strong><\/p>\n\n\n\n<p><a href=\"https:\/\/www.schmaehingen.info\/dorf\/bekanntmachungen.pdf\" target=\"_blank\" rel=\"noreferrer noopener\">( download )<\/a><\/p>\n\n\n\n<div style=\"height:10px\" aria-hidden=\"true\" class=\"wp-block-spacer\"><\/div>\n\n\n\n<p class=\"has-text-align-center\">Liebe Schm\u00e4hingerinnen und Schm\u00e4hinger,<br>Auch im Ostermonat gibt es ein neues Rundschreiben<\/p>\n\n\n\n<p class=\"has-text-align-center\"><strong><br>Stadtrat<\/strong><\/p>\n\n\n\n<p><br>In der letzten Sitzung wurde der Kommunale W\u00e4rmeplan verabschiedet. Die Umsetzung<br>muss nach heutiger Rechtslage bis zum Jahr 2045 erfolgen. Schm\u00e4hingen hat aufgrund desNahw\u00e4rmenetzes schon wesentliche Teile vorweggenommen.<\/p>\n\n\n\n<p><br>Der Haushaltsplan f\u00fcr das Jahr 2026 wurde verabschiedet. Die Ausgaben f\u00fcr die<br>Dorferneuerung Schm\u00e4hingen sind wie geplant enthalten.<br>Dazu kommen Ausgaben f\u00fcr den Einbau eines Tores und einer Zufahrt im Ostgiebel des<br>Lagerhauses am Birkle und der Ausbau eines Radweges nach Reimlingen. Die letzte<br>Ma\u00dfnahme kann nur durchgef\u00fchrt werden, wenn die Reimlinger den Teil des Radweges, derauf Reimlinger Flur verl\u00e4uft, auch ausbauen.<br>Ebenfalls geplant ist der Ausbau der Stra\u00dfe in Richtung Aussiedlerhof der Fam. K\u00fchn-Fackler.<br><\/p>\n\n\n\n<p>Die Bauarbeiten in Schm\u00e4hingen haben sich aufgrund von nicht geplanten Kosten um ca.110 TE verteuert. Den gr\u00f6\u00dften Anteil daran hat die Entsorgung des teerhalten Materials in derM\u00fchlbachstra\u00dfe. Die verschiedenen Nachtr\u00e4ge wurden vom Bau-Verwaltungs- und<br>Umweltausschuss einstimmig genehmigt.<\/p>\n\n\n\n<p class=\"has-text-align-center\"><br><strong>Kanal- Wasser- und Dorferneuerung<\/strong><\/p>\n\n\n\n<p><br>Der Unterbau in der M\u00fchlbachstra\u00dfe ist eingebracht. Als n\u00e4chstes werden die Senkk\u00e4sten<br>verbaut. Anschlie\u00dfen werden die Fundamente f\u00fcr die Stra\u00dfenbeleuchtung einbetoniert und<br>die entsprechenden Kabel verlegt. In dem Zusammenhang werden voraussichtlich auch die<br>Hausanschl\u00fcsse von Strom und Breitbandkabel verlegt.<\/p>\n\n\n\n<p class=\"has-text-align-center\"><br><strong>Badeweiher<\/strong><\/p>\n\n\n\n<p><br>Die Arbeiten am Badeweiher laufen planm\u00e4\u00dfig.<br>Der Unterbau f\u00fcr die Sitzb\u00e4nke und die Umkleideschnecken sind gebaut.<br>Die Terrasse vor dem Kiosk wurde erweitert.<\/p>\n\n\n\n<p class=\"has-text-align-center\"><br><strong>Dorfnachmittag<\/strong><\/p>\n\n\n\n<p><br>Herzliche Einladung zum Dorfnachmittag<br>am Mittwoch, 22.04.2026<br>um 14.30 in der Alten Schule<\/p>\n\n\n\n<p><br>Der Vortrag an diesem Nachmittag wird von Dr. Moosdiele-Hitzler, dem N\u00f6rdlinger<br>Stadtarchivar im Rahmen der Rieser Kulturtage gehalten. Das Thema: \u201eAdolf von St\u00e4hlin.<br>Vom Schm\u00e4hinger Pfarrersbuben zum Oberkonsistorialpr\u00e4sidenten\u201c<br>Wir w\u00fcrden uns freuen, wenn sich m\u00f6glichst viele Schm\u00e4hinger f\u00fcr dieses Thema<br>interessieren w\u00fcrden.<\/p>\n\n\n\n<p class=\"has-text-align-center\"><br><strong>Ortsversammlung<\/strong><\/p>\n\n\n\n<p><br>Herzliche Einladung zur Ortsversammlung<br>am Mittwoch, 22.04.2026<br>am 19.30 Uhr in der Alten Schule<\/p>\n\n\n\n<p class=\"has-text-align-center\"><strong><br>Rieser Kulturtage<\/strong><\/p>\n\n\n\n<p><br>Am 17.04.2026 starten die 26. Rieser Kulturtage mit der Er\u00f6ffnungsveranstaltung im<br>Kl\u00f6sterle um 19 Uhr. Dazu sind auch alle Schm\u00e4hingerinnen und Schm\u00e4hinger herzlich eingeladen. Bitte meldet euch unter \u201eInfo@rieserkulturtage.de\u201c oder tel. bei mir unter<br>010702136562 an. Der Eintritt ist frei.<\/p>\n\n\n\n<p><br>Selbstverst\u00e4ndlich sind auch alle zu den fast 100 Veranstaltungen herzlich eingeladen. Das<br>Programm findet Ihr unter www.rieser-kulturtage.de.<br>Falls jemand noch ein Programmheft m\u00f6chte. Ich habe noch einige wenige Exemplare<br>vorr\u00e4tig.<\/p>\n\n\n\n<p><br>Am 08.05.2026 findet im Rahmen der Kulturtage eine weitere Veranstaltung in Schm\u00e4hingen statt. Auch dazu ergeht herzliche Einladung.<br><strong>\u201eDie Jagd im Spiegel der Zeit\u201c<br>Freitag, 08.05.2026, 19.30 Uhr, in der Alten Schule in Schm\u00e4hingen.<\/strong><\/p>\n\n\n\n<p class=\"has-text-align-center\"><br><strong>F\u00f6rderverein<\/strong><\/p>\n\n\n\n<p><br><strong>Am Samstag, den 18.04.2026 l\u00e4d der F\u00f6rderverein zu einem Fr\u00fchlingsfest in unser<br>Gemeindezentrum ein.<\/strong><br>Die Verpflegung \u00fcbernimmt Fr. Fackler, die Getr\u00e4nkeversorgung der F\u00f6rderverein.<br>Dazu sind alle sehr herzlich eingeladen.<br>Die Einnahmen sind f\u00fcr den F\u00f6rderverein sehr wichtig, da wir die gesamten Kosten, wie<br>Heizung, Strom, Wasser, Abwasser und die Putzkosten f\u00fcr die Alten Schule stemmen<br>m\u00fcssen.<\/p>\n\n\n\n<p class=\"has-text-align-center\"><br><strong>Pfarrei am Albuch<\/strong><\/p>\n\n\n\n<p><br>Die Kirchengemeinde freut sich in diesem Jahr auf eine gro\u00dfe Konfirmation in Schm\u00e4hingen!<br>Am Sonntag, 26.04.2026, um 10 Uhr wird in der Marienkirche Konfiration gefeiert.<br>In einem festlichen Gottesdienst wird ihnen Gottessegen f\u00fcr ihren weiteren Lebensweg<br>zugesprochen.<\/p>\n\n\n\n<p><br><strong>Bei Fragen kommt gerne auf mich zu 01702136562<\/strong><\/p>\n\n\n\n<p><br><strong>Herzliche Gr\u00fc\u00dfe<br>Werner Deixler<\/strong><\/p>\n","protected":false},"excerpt":{"rendered":"<p>AKTUELLE BEKANNTMACHUNGEN (download) ( download ) Liebe Schm\u00e4hingerinnen und Schm\u00e4hinger,Auch im Ostermonat gibt es ein neues Rundschreiben Stadtrat In der letzten Sitzung wurde der Kommunale W\u00e4rmeplan verabschiedet. Die Umsetzungmuss nach heutiger Rechtslage bis zum Jahr 2045 erfolgen. Schm\u00e4hingen hat aufgrund desNahw\u00e4rmenetzes schon wesentliche Teile vorweggenommen. Der Haushaltsplan f\u00fcr das Jahr 2026 wurde verabschiedet. Die Ausgaben &hellip; <\/p>\n<p class=\"link-more\"><a href=\"https:\/\/schmaehingen.info\/?page_id=2190\" class=\"more-link\"><span class=\"screen-reader-text\">\u201eBekanntmachungen\u201c<\/span> weiterlesen<\/a><\/p>\n","protected":false},"author":1,"featured_media":0,"parent":0,"menu_order":0,"comment_status":"closed","ping_status":"closed","template":"","meta":{"ngg_post_thumbnail":0,"footnotes":""},"class_list":["post-2190","page","type-page","status-publish","hentry"],"_links":{"self":[{"href":"https:\/\/schmaehingen.info\/index.php?rest_route=\/wp\/v2\/pages\/2190","targetHints":{"allow":["GET"]}}],"collection":[{"href":"https:\/\/schmaehingen.info\/index.php?rest_route=\/wp\/v2\/pages"}],"about":[{"href":"https:\/\/schmaehingen.info\/index.php?rest_route=\/wp\/v2\/types\/page"}],"author":[{"embeddable":true,"href":"https:\/\/schmaehingen.info\/index.php?rest_route=\/wp\/v2\/users\/1"}],"replies":[{"embeddable":true,"href":"https:\/\/schmaehingen.info\/index.php?rest_route=%2Fwp%2Fv2%2Fcomments&post=2190"}],"version-history":[{"count":21,"href":"https:\/\/schmaehingen.info\/index.php?rest_route=\/wp\/v2\/pages\/2190\/revisions"}],"predecessor-version":[{"id":2255,"href":"https:\/\/schmaehingen.info\/index.php?rest_route=\/wp\/v2\/pages\/2190\/revisions\/2255"}],"wp:attachment":[{"href":"https:\/\/schmaehingen.info\/index.php?rest_route=%2Fwp%2Fv2%2Fmedia&parent=2190"}],"curies":[{"name":"wp","href":"https:\/\/api.w.org\/{rel}","templated":true}]}}

<div style="height:18px" aria-hidden="true" class="wp-block-spacer"></div>



<p><strong><a href="https://www.schmaehingen.info/dorf/bekanntmachungen.pdf" target="_blank" rel="noreferrer noopener">AKTUELLE   BEKANNTMACHUNGEN  (download)</a></strong></p>



<p><a href="https://www.schmaehingen.info/dorf/bekanntmachungen.pdf" target="_blank" rel="noreferrer noopener">( download )</a></p>



<div style="height:10px" aria-hidden="true" class="wp-block-spacer"></div>



<p class="has-text-align-center">Liebe Schmähingerinnen und Schmähinger,<br>Auch im Ostermonat gibt es ein neues Rundschreiben</p>



<p class="has-text-align-center"><strong><br>Stadtrat</strong></p>



<p><br>In der letzten Sitzung wurde der Kommunale Wärmeplan verabschiedet. Die Umsetzung<br>muss nach heutiger Rechtslage bis zum Jahr 2045 erfolgen. Schmähingen hat aufgrund desNahwärmenetzes schon wesentliche Teile vorweggenommen.</p>



<p><br>Der Haushaltsplan für das Jahr 2026 wurde verabschiedet. Die Ausgaben für die<br>Dorferneuerung Schmähingen sind wie geplant enthalten.<br>Dazu kommen Ausgaben für den Einbau eines Tores und einer Zufahrt im Ostgiebel des<br>Lagerhauses am Birkle und der Ausbau eines Radweges nach Reimlingen. Die letzte<br>Maßnahme kann nur durchgeführt werden, wenn die Reimlinger den Teil des Radweges, derauf Reimlinger Flur verläuft, auch ausbauen.<br>Ebenfalls geplant ist der Ausbau der Straße in Richtung Aussiedlerhof der Fam. Kühn-Fackler.<br></p>



<p>Die Bauarbeiten in Schmähingen haben sich aufgrund von nicht geplanten Kosten um ca.110 TE verteuert. Den größten Anteil daran hat die Entsorgung des teerhalten Materials in derMühlbachstraße. Die verschiedenen Nachträge wurden vom Bau-Verwaltungs- und<br>Umweltausschuss einstimmig genehmigt.</p>



<p class="has-text-align-center"><br><strong>Kanal- Wasser- und Dorferneuerung</strong></p>



<p><br>Der Unterbau in der Mühlbachstraße ist eingebracht. Als nächstes werden die Senkkästen<br>verbaut. Anschließen werden die Fundamente für die Straßenbeleuchtung einbetoniert und<br>die entsprechenden Kabel verlegt. In dem Zusammenhang werden voraussichtlich auch die<br>Hausanschlüsse von Strom und Breitbandkabel verlegt.</p>



<p class="has-text-align-center"><br><strong>Badeweiher</strong></p>



<p><br>Die Arbeiten am Badeweiher laufen planmäßig.<br>Der Unterbau für die Sitzbänke und die Umkleideschnecken sind gebaut.<br>Die Terrasse vor dem Kiosk wurde erweitert.</p>



<p class="has-text-align-center"><br><strong>Dorfnachmittag</strong></p>



<p><br>Herzliche Einladung zum Dorfnachmittag<br>am Mittwoch, 22.04.2026<br>um 14.30 in der Alten Schule</p>



<p><br>Der Vortrag an diesem Nachmittag wird von Dr. Moosdiele-Hitzler, dem Nördlinger<br>Stadtarchivar im Rahmen der Rieser Kulturtage gehalten. Das Thema: „Adolf von Stählin.<br>Vom Schmähinger Pfarrersbuben zum Oberkonsistorialpräsidenten“<br>Wir würden uns freuen, wenn sich möglichst viele Schmähinger für dieses Thema<br>interessieren würden.</p>



<p class="has-text-align-center"><br><strong>Ortsversammlung</strong></p>



<p><br>Herzliche Einladung zur Ortsversammlung<br>am Mittwoch, 22.04.2026<br>am 19.30 Uhr in der Alten Schule</p>



<p class="has-text-align-center"><strong><br>Rieser Kulturtage</strong></p>



<p><br>Am 17.04.2026 starten die 26. Rieser Kulturtage mit der Eröffnungsveranstaltung im<br>Klösterle um 19 Uhr. Dazu sind auch alle Schmähingerinnen und Schmähinger herzlich eingeladen. Bitte meldet euch unter „Info@rieserkulturtage.de“ oder tel. bei mir unter<br>010702136562 an. Der Eintritt ist frei.</p>



<p><br>Selbstverständlich sind auch alle zu den fast 100 Veranstaltungen herzlich eingeladen. Das<br>Programm findet Ihr unter www.rieser-kulturtage.de.<br>Falls jemand noch ein Programmheft möchte. Ich habe noch einige wenige Exemplare<br>vorrätig.</p>



<p><br>Am 08.05.2026 findet im Rahmen der Kulturtage eine weitere Veranstaltung in Schmähingen statt. Auch dazu ergeht herzliche Einladung.<br><strong>„Die Jagd im Spiegel der Zeit“<br>Freitag, 08.05.2026, 19.30 Uhr, in der Alten Schule in Schmähingen.</strong></p>



<p class="has-text-align-center"><br><strong>Förderverein</strong></p>



<p><br><strong>Am Samstag, den 18.04.2026 läd der Förderverein zu einem Frühlingsfest in unser<br>Gemeindezentrum ein.</strong><br>Die Verpflegung übernimmt Fr. Fackler, die Getränkeversorgung der Förderverein.<br>Dazu sind alle sehr herzlich eingeladen.<br>Die Einnahmen sind für den Förderverein sehr wichtig, da wir die gesamten Kosten, wie<br>Heizung, Strom, Wasser, Abwasser und die Putzkosten für die Alten Schule stemmen<br>müssen.</p>



<p class="has-text-align-center"><br><strong>Pfarrei am Albuch</strong></p>



<p><br>Die Kirchengemeinde freut sich in diesem Jahr auf eine große Konfirmation in Schmähingen!<br>Am Sonntag, 26.04.2026, um 10 Uhr wird in der Marienkirche Konfiration gefeiert.<br>In einem festlichen Gottesdienst wird ihnen Gottessegen für ihren weiteren Lebensweg<br>zugesprochen.</p>



<p><br><strong>Bei Fragen kommt gerne auf mich zu 01702136562</strong></p>



<p><br><strong>Herzliche Grüße<br>Werner Deixler</strong></p>

<p>AKTUELLE BEKANNTMACHUNGEN (download) ( download ) Liebe Schmähingerinnen und Schmähinger,Auch im Ostermonat gibt es ein neues Rundschreiben Stadtrat In der letzten Sitzung wurde der Kommunale Wärmeplan verabschiedet. Die Umsetzungmuss nach heutiger Rechtslage bis zum Jahr 2045 erfolgen. Schmähingen hat aufgrund desNahwärmenetzes schon wesentliche Teile vorweggenommen. Der Haushaltsplan für das Jahr 2026 wurde verabschiedet. Die Ausgaben &hellip; </p>
<p class="link-more"><a href="https://schmaehingen.info/?page_id=2190" class="more-link"><span class="screen-reader-text">„Bekanntmachungen“</span> weiterlesen</a></p>
