{"id":2097,"date":"2025-04-27T16:53:05","date_gmt":"2025-04-27T16:53:05","guid":{"rendered":"https:\/\/schmaehingen.info\/?page_id=2097"},"modified":"2025-04-29T05:30:49","modified_gmt":"2025-04-29T05:30:49","slug":"geschichte-deralbuchschuetzen","status":"publish","type":"page","link":"https:\/\/schmaehingen.info\/?page_id=2097","title":{"rendered":"Geschichte derAlbuchsch\u00fctzen"},"content":{"rendered":"\n<p class=\"has-text-align-center\"><a href=\"https:\/\/www.schmaehingen.info\/dorf\/schmaehingen_feiert_nicht.pdf\">Quelle: Festschrift 2020 &#8211; Schm\u00e4hingen feiert kein Fest<\/a><\/p>\n\n\n\n<p class=\"has-text-align-center\">Unsere Sch\u00fctzenmeister:    <strong>1970 &#8211; 1975<\/strong> Friedrich Gr\u00f6ner (\u2020) &#8211; <strong>1976<\/strong> &#8211; 1981 Edgar Martin &#8211; <strong>1982 &#8211; 1994<\/strong> Hans Hubel &#8211; 1<strong>995 &#8211; 2000<\/strong> Friedrich Hubel (\u2020) &#8211; <strong>2001 &#8211; 2016<\/strong> Renate Hopf &#8211; <strong>2016 &#8211; 2022<\/strong> Erich Oswald &#8211; <strong>ab 2022<\/strong> Sabine Graf, Daniela L\u00f6fflad, Marco Deffner, Thomas Schreiber<\/p>\n\n\n\n<ol class=\"wp-block-list\"><\/ol>\n\n\n<div class=\"wp-block-image\">\n<figure class=\"aligncenter size-full is-resized\"><img loading=\"lazy\" decoding=\"async\" width=\"423\" height=\"742\" src=\"https:\/\/schmaehingen.info\/wp-content\/uploads\/2025\/04\/as_geschichte_1.jpg\" alt=\"\" class=\"wp-image-2090\" style=\"width:557px;height:auto\" srcset=\"https:\/\/schmaehingen.info\/wp-content\/uploads\/2025\/04\/as_geschichte_1.jpg 423w, https:\/\/schmaehingen.info\/wp-content\/uploads\/2025\/04\/as_geschichte_1-171x300.jpg 171w\" sizes=\"auto, (max-width: 423px) 100vw, 423px\" \/><\/figure><\/div>\n\n<div class=\"wp-block-image\">\n<figure class=\"aligncenter size-full is-resized\"><img loading=\"lazy\" decoding=\"async\" width=\"423\" height=\"737\" src=\"https:\/\/schmaehingen.info\/wp-content\/uploads\/2025\/04\/as_geschichte_2.jpg\" alt=\"\" class=\"wp-image-2091\" style=\"width:557px;height:auto\" srcset=\"https:\/\/schmaehingen.info\/wp-content\/uploads\/2025\/04\/as_geschichte_2.jpg 423w, https:\/\/schmaehingen.info\/wp-content\/uploads\/2025\/04\/as_geschichte_2-172x300.jpg 172w\" sizes=\"auto, (max-width: 423px) 100vw, 423px\" \/><\/figure><\/div>\n\n<div class=\"wp-block-image\">\n<figure class=\"aligncenter size-full is-resized\"><img loading=\"lazy\" decoding=\"async\" width=\"422\" height=\"800\" src=\"https:\/\/schmaehingen.info\/wp-content\/uploads\/2025\/04\/as_geschichte_3.jpg\" alt=\"\" class=\"wp-image-2092\" style=\"width:552px;height:auto\" srcset=\"https:\/\/schmaehingen.info\/wp-content\/uploads\/2025\/04\/as_geschichte_3.jpg 422w, https:\/\/schmaehingen.info\/wp-content\/uploads\/2025\/04\/as_geschichte_3-158x300.jpg 158w\" sizes=\"auto, (max-width: 422px) 100vw, 422px\" \/><\/figure><\/div>\n\n<div class=\"wp-block-image\">\n<figure class=\"aligncenter size-full is-resized\"><img loading=\"lazy\" decoding=\"async\" width=\"422\" height=\"604\" src=\"https:\/\/schmaehingen.info\/wp-content\/uploads\/2025\/04\/as_geschichte_4.jpg\" alt=\"\" class=\"wp-image-2093\" style=\"width:546px;height:auto\" srcset=\"https:\/\/schmaehingen.info\/wp-content\/uploads\/2025\/04\/as_geschichte_4.jpg 422w, https:\/\/schmaehingen.info\/wp-content\/uploads\/2025\/04\/as_geschichte_4-210x300.jpg 210w\" sizes=\"auto, (max-width: 422px) 100vw, 422px\" \/><\/figure><\/div>\n\n\n<p><\/p>\n","protected":false},"excerpt":{"rendered":"<p>Quelle: Festschrift 2020 &#8211; Schm\u00e4hingen feiert kein Fest Unsere Sch\u00fctzenmeister: 1970 &#8211; 1975 Friedrich Gr\u00f6ner (\u2020) &#8211; 1976 &#8211; 1981 Edgar Martin &#8211; 1982 &#8211; 1994 Hans Hubel &#8211; 1995 &#8211; 2000 Friedrich Hubel (\u2020) &#8211; 2001 &#8211; 2016 Renate Hopf &#8211; 2016 &#8211; 2022 Erich Oswald &#8211; ab 2022 Sabine Graf, Daniela L\u00f6fflad, Marco &hellip; <\/p>\n<p class=\"link-more\"><a href=\"https:\/\/schmaehingen.info\/?page_id=2097\" class=\"more-link\"><span class=\"screen-reader-text\">\u201eGeschichte derAlbuchsch\u00fctzen\u201c<\/span> weiterlesen<\/a><\/p>\n","protected":false},"author":1,"featured_media":0,"parent":0,"menu_order":0,"comment_status":"closed","ping_status":"closed","template":"","meta":{"ngg_post_thumbnail":0,"footnotes":""},"class_list":["post-2097","page","type-page","status-publish","hentry"],"_links":{"self":[{"href":"https:\/\/schmaehingen.info\/index.php?rest_route=\/wp\/v2\/pages\/2097","targetHints":{"allow":["GET"]}}],"collection":[{"href":"https:\/\/schmaehingen.info\/index.php?rest_route=\/wp\/v2\/pages"}],"about":[{"href":"https:\/\/schmaehingen.info\/index.php?rest_route=\/wp\/v2\/types\/page"}],"author":[{"embeddable":true,"href":"https:\/\/schmaehingen.info\/index.php?rest_route=\/wp\/v2\/users\/1"}],"replies":[{"embeddable":true,"href":"https:\/\/schmaehingen.info\/index.php?rest_route=%2Fwp%2Fv2%2Fcomments&post=2097"}],"version-history":[{"count":6,"href":"https:\/\/schmaehingen.info\/index.php?rest_route=\/wp\/v2\/pages\/2097\/revisions"}],"predecessor-version":[{"id":2125,"href":"https:\/\/schmaehingen.info\/index.php?rest_route=\/wp\/v2\/pages\/2097\/revisions\/2125"}],"wp:attachment":[{"href":"https:\/\/schmaehingen.info\/index.php?rest_route=%2Fwp%2Fv2%2Fmedia&parent=2097"}],"curies":[{"name":"wp","href":"https:\/\/api.w.org\/{rel}","templated":true}]}}

Geschichte derAlbuchschützen

<p class="has-text-align-center"><a href="https://www.schmaehingen.info/dorf/schmaehingen_feiert_nicht.pdf">Quelle: Festschrift 2020 &#8211; Schmähingen feiert kein Fest</a></p>



<p class="has-text-align-center">Unsere Schützenmeister:    <strong>1970 &#8211; 1975</strong> Friedrich Gröner (†) &#8211; <strong>1976</strong> &#8211; 1981 Edgar Martin &#8211; <strong>1982 &#8211; 1994</strong> Hans Hubel &#8211; 1<strong>995 &#8211; 2000</strong> Friedrich Hubel (†) &#8211; <strong>2001 &#8211; 2016</strong> Renate Hopf &#8211; <strong>2016 &#8211; 2022</strong> Erich Oswald &#8211; <strong>ab 2022</strong> Sabine Graf, Daniela Löfflad, Marco Deffner, Thomas Schreiber</p>



<ol class="wp-block-list"></ol>


<div class="wp-block-image">
<figure class="aligncenter size-full is-resized"><img loading="lazy" decoding="async" width="423" height="742" src="https://schmaehingen.info/wp-content/uploads/2025/04/as_geschichte_1.jpg" alt="" class="wp-image-2090" style="width:557px;height:auto" srcset="https://schmaehingen.info/wp-content/uploads/2025/04/as_geschichte_1.jpg 423w, https://schmaehingen.info/wp-content/uploads/2025/04/as_geschichte_1-171x300.jpg 171w" sizes="auto, (max-width: 423px) 100vw, 423px" /></figure></div>

<div class="wp-block-image">
<figure class="aligncenter size-full is-resized"><img loading="lazy" decoding="async" width="423" height="737" src="https://schmaehingen.info/wp-content/uploads/2025/04/as_geschichte_2.jpg" alt="" class="wp-image-2091" style="width:557px;height:auto" srcset="https://schmaehingen.info/wp-content/uploads/2025/04/as_geschichte_2.jpg 423w, https://schmaehingen.info/wp-content/uploads/2025/04/as_geschichte_2-172x300.jpg 172w" sizes="auto, (max-width: 423px) 100vw, 423px" /></figure></div>

<div class="wp-block-image">
<figure class="aligncenter size-full is-resized"><img loading="lazy" decoding="async" width="422" height="800" src="https://schmaehingen.info/wp-content/uploads/2025/04/as_geschichte_3.jpg" alt="" class="wp-image-2092" style="width:552px;height:auto" srcset="https://schmaehingen.info/wp-content/uploads/2025/04/as_geschichte_3.jpg 422w, https://schmaehingen.info/wp-content/uploads/2025/04/as_geschichte_3-158x300.jpg 158w" sizes="auto, (max-width: 422px) 100vw, 422px" /></figure></div>

<div class="wp-block-image">
<figure class="aligncenter size-full is-resized"><img loading="lazy" decoding="async" width="422" height="604" src="https://schmaehingen.info/wp-content/uploads/2025/04/as_geschichte_4.jpg" alt="" class="wp-image-2093" style="width:546px;height:auto" srcset="https://schmaehingen.info/wp-content/uploads/2025/04/as_geschichte_4.jpg 422w, https://schmaehingen.info/wp-content/uploads/2025/04/as_geschichte_4-210x300.jpg 210w" sizes="auto, (max-width: 422px) 100vw, 422px" /></figure></div>


<p></p>

<p>Quelle: Festschrift 2020 &#8211; Schmähingen feiert kein Fest Unsere Schützenmeister: 1970 &#8211; 1975 Friedrich Gröner (†) &#8211; 1976 &#8211; 1981 Edgar Martin &#8211; 1982 &#8211; 1994 Hans Hubel &#8211; 1995 &#8211; 2000 Friedrich Hubel (†) &#8211; 2001 &#8211; 2016 Renate Hopf &#8211; 2016 &#8211; 2022 Erich Oswald &#8211; ab 2022 Sabine Graf, Daniela Löfflad, Marco &hellip; </p>
<p class="link-more"><a href="https://schmaehingen.info/?page_id=2097" class="more-link"><span class="screen-reader-text">„Geschichte derAlbuchschützen“</span> weiterlesen</a></p>
