{"id":1936,"date":"2025-04-20T19:17:28","date_gmt":"2025-04-20T19:17:28","guid":{"rendered":"https:\/\/schmaehingen.info\/?page_id=1936"},"modified":"2025-05-11T14:50:58","modified_gmt":"2025-05-11T14:50:58","slug":"ogv-vorstand","status":"publish","type":"page","link":"https:\/\/schmaehingen.info\/?page_id=1936","title":{"rendered":"OGV Vorstand"},"content":{"rendered":"<div class=\"wp-block-image\">\n<figure class=\"aligncenter size-full is-resized\"><img loading=\"lazy\" decoding=\"async\" width=\"137\" height=\"181\" src=\"https:\/\/schmaehingen.info\/wp-content\/uploads\/2025\/04\/groener.jpg\" alt=\"\" class=\"wp-image-1951\" style=\"width:129px;height:auto\"\/><\/figure><\/div>\n\n\n<p class=\"has-text-align-center\">Roland Gr\u00f6ner 1. Vorsitzender<br>Obst- und Gartenbauverein Schm\u00e4hingen<\/p>\n\n\n\n<p>Vor 115 Jahren wurde der Obst- und Gartenbauverein zur gemeinschaftlichen Bestellung von Obstb\u00e4umen und deren Pflege gegr\u00fcndet. Heute hat sich der Vereinszweck gewandelt, es geht jetzt haupts\u00e4chlich um den Hausgarten, die Landschaftspflege und damit verbunden die Erhaltung der Streuobstwiesen. Diese stellen heute eine M\u00f6glichkeit dar, biologisch angebautes Obst aus der Region zu erhalten.<\/p>\n\n\n\n<p>Fr\u00fcher war wichtig, viel zu produzieren, damit alle versorgt sind \u2013 heute werden andere Ziele verfolgt, das ist die m\u00f6glichts hohe Qualit\u00e4t der Erzeugnisse und der m\u00f6glichst niedrige \u00f6kologische Fu\u00dfabdruck.<\/p>\n\n\n\n<p>In diesem Sinne hat der Gartenbauverein auch in der Zukunft seine Daseinsberechtigung. Wir w\u00fcnschen uns daher noch mehr junge Mitglieder f\u00fcr unsere Ziele.<\/p>\n\n\n\n<p class=\"has-text-align-right\">Stand April 2025<\/p>\n\n\n\n<div style=\"height:11px\" aria-hidden=\"true\" class=\"wp-block-spacer\"><\/div>\n\n\n<div class=\"wp-block-image\">\n<figure class=\"aligncenter size-full\"><img loading=\"lazy\" decoding=\"async\" width=\"640\" height=\"522\" src=\"https:\/\/schmaehingen.info\/wp-content\/uploads\/2025\/04\/vostand2025.jpg\" alt=\"\" class=\"wp-image-1954\" srcset=\"https:\/\/schmaehingen.info\/wp-content\/uploads\/2025\/04\/vostand2025.jpg 640w, https:\/\/schmaehingen.info\/wp-content\/uploads\/2025\/04\/vostand2025-300x245.jpg 300w\" sizes=\"auto, (max-width: 640px) 100vw, 640px\" \/><\/figure><\/div>\n\n\n<p class=\"has-text-align-center\">Von links: Christine R\u00f6sch (Schriftf\u00fchrerin), Roland Gr\u00f6ner (1. Vorstand), Sabrina Wick (2. Vorstand), Margrit Deixler (Kassiererin), Anita Hagner (Beisitzelrin)<\/p>\n\n\n\n<p class=\"has-text-align-center\"><\/p>\n\n\n\n<div style=\"height:13px\" aria-hidden=\"true\" class=\"wp-block-spacer\"><\/div>\n\n\n\n<p class=\"has-text-align-center\"><a href=\"https:\/\/schmaehingen.info\/?page_id=1787\">www.ogv.schmaehingen.de<\/a><\/p>\n","protected":false},"excerpt":{"rendered":"<p>Roland Gr\u00f6ner 1. VorsitzenderObst- und Gartenbauverein Schm\u00e4hingen Vor 115 Jahren wurde der Obst- und Gartenbauverein zur gemeinschaftlichen Bestellung von Obstb\u00e4umen und deren Pflege gegr\u00fcndet. Heute hat sich der Vereinszweck gewandelt, es geht jetzt haupts\u00e4chlich um den Hausgarten, die Landschaftspflege und damit verbunden die Erhaltung der Streuobstwiesen. Diese stellen heute eine M\u00f6glichkeit dar, biologisch angebautes Obst &hellip; <\/p>\n<p class=\"link-more\"><a href=\"https:\/\/schmaehingen.info\/?page_id=1936\" class=\"more-link\"><span class=\"screen-reader-text\">\u201eOGV Vorstand\u201c<\/span> weiterlesen<\/a><\/p>\n","protected":false},"author":1,"featured_media":0,"parent":0,"menu_order":0,"comment_status":"closed","ping_status":"closed","template":"","meta":{"ngg_post_thumbnail":0,"footnotes":""},"class_list":["post-1936","page","type-page","status-publish","hentry"],"_links":{"self":[{"href":"https:\/\/schmaehingen.info\/index.php?rest_route=\/wp\/v2\/pages\/1936","targetHints":{"allow":["GET"]}}],"collection":[{"href":"https:\/\/schmaehingen.info\/index.php?rest_route=\/wp\/v2\/pages"}],"about":[{"href":"https:\/\/schmaehingen.info\/index.php?rest_route=\/wp\/v2\/types\/page"}],"author":[{"embeddable":true,"href":"https:\/\/schmaehingen.info\/index.php?rest_route=\/wp\/v2\/users\/1"}],"replies":[{"embeddable":true,"href":"https:\/\/schmaehingen.info\/index.php?rest_route=%2Fwp%2Fv2%2Fcomments&post=1936"}],"version-history":[{"count":9,"href":"https:\/\/schmaehingen.info\/index.php?rest_route=\/wp\/v2\/pages\/1936\/revisions"}],"predecessor-version":[{"id":2140,"href":"https:\/\/schmaehingen.info\/index.php?rest_route=\/wp\/v2\/pages\/1936\/revisions\/2140"}],"wp:attachment":[{"href":"https:\/\/schmaehingen.info\/index.php?rest_route=%2Fwp%2Fv2%2Fmedia&parent=1936"}],"curies":[{"name":"wp","href":"https:\/\/api.w.org\/{rel}","templated":true}]}}

<div class="wp-block-image">
<figure class="aligncenter size-full is-resized"><img loading="lazy" decoding="async" width="137" height="181" src="https://schmaehingen.info/wp-content/uploads/2025/04/groener.jpg" alt="" class="wp-image-1951" style="width:129px;height:auto"/></figure></div>


<p class="has-text-align-center">Roland Gröner 1. Vorsitzender<br>Obst- und Gartenbauverein Schmähingen</p>



<p>Vor 115 Jahren wurde der Obst- und Gartenbauverein zur gemeinschaftlichen Bestellung von Obstbäumen und deren Pflege gegründet. Heute hat sich der Vereinszweck gewandelt, es geht jetzt hauptsächlich um den Hausgarten, die Landschaftspflege und damit verbunden die Erhaltung der Streuobstwiesen. Diese stellen heute eine Möglichkeit dar, biologisch angebautes Obst aus der Region zu erhalten.</p>



<p>Früher war wichtig, viel zu produzieren, damit alle versorgt sind – heute werden andere Ziele verfolgt, das ist die möglichts hohe Qualität der Erzeugnisse und der möglichst niedrige ökologische Fußabdruck.</p>



<p>In diesem Sinne hat der Gartenbauverein auch in der Zukunft seine Daseinsberechtigung. Wir wünschen uns daher noch mehr junge Mitglieder für unsere Ziele.</p>



<p class="has-text-align-right">Stand April 2025</p>



<div style="height:11px" aria-hidden="true" class="wp-block-spacer"></div>


<div class="wp-block-image">
<figure class="aligncenter size-full"><img loading="lazy" decoding="async" width="640" height="522" src="https://schmaehingen.info/wp-content/uploads/2025/04/vostand2025.jpg" alt="" class="wp-image-1954" srcset="https://schmaehingen.info/wp-content/uploads/2025/04/vostand2025.jpg 640w, https://schmaehingen.info/wp-content/uploads/2025/04/vostand2025-300x245.jpg 300w" sizes="auto, (max-width: 640px) 100vw, 640px" /></figure></div>


<p class="has-text-align-center">Von links: Christine Rösch (Schriftführerin), Roland Gröner (1. Vorstand), Sabrina Wick (2. Vorstand), Margrit Deixler (Kassiererin), Anita Hagner (Beisitzelrin)</p>



<p class="has-text-align-center"></p>



<div style="height:13px" aria-hidden="true" class="wp-block-spacer"></div>



<p class="has-text-align-center"><a href="https://schmaehingen.info/?page_id=1787">www.ogv.schmaehingen.de</a></p>

<p>Roland Gröner 1. VorsitzenderObst- und Gartenbauverein Schmähingen Vor 115 Jahren wurde der Obst- und Gartenbauverein zur gemeinschaftlichen Bestellung von Obstbäumen und deren Pflege gegründet. Heute hat sich der Vereinszweck gewandelt, es geht jetzt hauptsächlich um den Hausgarten, die Landschaftspflege und damit verbunden die Erhaltung der Streuobstwiesen. Diese stellen heute eine Möglichkeit dar, biologisch angebautes Obst &hellip; </p>
<p class="link-more"><a href="https://schmaehingen.info/?page_id=1936" class="more-link"><span class="screen-reader-text">„OGV Vorstand“</span> weiterlesen</a></p>
