{"id":1787,"date":"2024-02-11T18:31:09","date_gmt":"2024-02-11T18:31:09","guid":{"rendered":"https:\/\/schmaehingen.info\/?page_id=1787"},"modified":"2025-05-11T14:48:22","modified_gmt":"2025-05-11T14:48:22","slug":"obst-u-gartenbauverein","status":"publish","type":"page","link":"https:\/\/schmaehingen.info\/?page_id=1787","title":{"rendered":"Obst- u. Gartenbauverein"},"content":{"rendered":"<div class=\"wp-block-image\">\n<figure class=\"aligncenter size-full is-resized\"><img loading=\"lazy\" decoding=\"async\" width=\"350\" height=\"319\" src=\"https:\/\/schmaehingen.info\/wp-content\/uploads\/2025\/04\/ogv_wappen.jpg\" alt=\"\" class=\"wp-image-1973\" style=\"width:232px;height:auto\" srcset=\"https:\/\/schmaehingen.info\/wp-content\/uploads\/2025\/04\/ogv_wappen.jpg 350w, https:\/\/schmaehingen.info\/wp-content\/uploads\/2025\/04\/ogv_wappen-300x273.jpg 300w\" sizes=\"auto, (max-width: 350px) 100vw, 350px\" \/><\/figure><\/div>\n\n\n<p class=\"has-text-align-center\"><a href=\"https:\/\/schmaehingen.info\/?page_id=1787\">www.ogv.schmaehingen.de<\/a><\/p>\n\n\n\n<p class=\"has-text-align-center\"><strong><a href=\"https:\/\/schmaehingen.info\/?page_id=1936\">Vorstand<\/a><\/strong> * * * <strong><a href=\"https:\/\/schmaehingen.info\/?page_id=1939\">Geschichte<\/a><\/strong><\/p>\n\n\n\n<div style=\"height:9px\" aria-hidden=\"true\" class=\"wp-block-spacer\"><\/div>\n\n\n\n<p>Vor 115 Jahren wurde der Obst- und Gartenbauverein zur gemeinschaftlichen Bestellung von Obstb\u00e4umen und deren Pflege gegr\u00fcndet. Heute hat sich der Vereinszweck gewandelt, es geht jetzt haupts\u00e4chlich um den Hausgarten, die Landschaftspflege und damit verbunden die Erhaltung der Streuobstwiesen. Diese stellen heute eine M\u00f6glichkeit dar, biologisch angebautes Obst aus der Region zu erhalten.<\/p>\n\n\n\n<p>Fr\u00fcher war wichtig, viel zu produzieren, damit alle versorgt sind \u2013 heute werden andere Ziele verfolgt, das ist die m\u00f6glichts hohe Qualit\u00e4t der Erzeugnisse und der m\u00f6glichst niedrige \u00f6kologische Fu\u00dfabdruck.<\/p>\n\n\n\n<p>In diesem Sinne hat der Gartenbauverein auch in der Zukunft seine Daseinsberechtigung. Wir w\u00fcnschen uns daher noch mehr junge Mitglieder f\u00fcr unsere Ziele.<\/p>\n\n\n\n<p class=\"has-text-align-right\">Roland Gr\u00f6ner 1. Vorstand<\/p>\n\n\n<div class=\"wp-block-image\">\n<figure class=\"aligncenter size-full\"><img loading=\"lazy\" decoding=\"async\" width=\"735\" height=\"484\" src=\"http:\/\/schmaehingen.info\/wp-content\/uploads\/2025\/04\/bild2020.jpg\" alt=\"\" class=\"wp-image-1958\" srcset=\"https:\/\/schmaehingen.info\/wp-content\/uploads\/2025\/04\/bild2020.jpg 735w, https:\/\/schmaehingen.info\/wp-content\/uploads\/2025\/04\/bild2020-300x198.jpg 300w\" sizes=\"auto, (max-width: 735px) 100vw, 735px\" \/><\/figure><\/div>\n\n\n<p class=\"has-text-align-center\"><a href=\"https:\/\/www.schmaehingen.info\/dorf\/schmaehingen_feiert_nicht.pdf\">Bild aus derFestschrift 2020 &#8211; Sch\u00e4hingen feiert kein Fest<\/a><\/p>\n\n\n\n<p class=\"has-text-align-center\">Hintere Reihe von links nach rechts:<br>Dr. Sabine Pflug, Sonja Gr\u00f6ner, Rudolf Hertle, Christine R\u00f6sch, Andreas Hubel, Hans Deizer, Thomas R\u00f6sch, Dieter Weidner, Julia Weidner, Erwin Strau\u00df, Ernst Fackler, Gerhard Oswald, Sabine Meyer, Werner Deixler, Joachim Pflug, Hans Hussel, Rudolf R\u00f6sch<br>Vordere Reihe von links nach rechts:<br>Anton, Paul, Hanna Hertle, Mathilda R\u00f6sch, Jonathan R\u00f6sch, Marlene R\u00f6sch, Gabriele Weidner-Klein, Heidi Pfister, Sabrina Wick, Roland Gr\u00f6ner, Ulrike Deffner, Luise Wick, Renate K\u00f6nig, Elke Klink<\/p>\n\n\n\n<p class=\"has-text-align-left\"><\/p>\n","protected":false},"excerpt":{"rendered":"<p>www.ogv.schmaehingen.de Vorstand * * * Geschichte Vor 115 Jahren wurde der Obst- und Gartenbauverein zur gemeinschaftlichen Bestellung von Obstb\u00e4umen und deren Pflege gegr\u00fcndet. Heute hat sich der Vereinszweck gewandelt, es geht jetzt haupts\u00e4chlich um den Hausgarten, die Landschaftspflege und damit verbunden die Erhaltung der Streuobstwiesen. Diese stellen heute eine M\u00f6glichkeit dar, biologisch angebautes Obst aus &hellip; <\/p>\n<p class=\"link-more\"><a href=\"https:\/\/schmaehingen.info\/?page_id=1787\" class=\"more-link\"><span class=\"screen-reader-text\">\u201eObst- u. Gartenbauverein\u201c<\/span> weiterlesen<\/a><\/p>\n","protected":false},"author":1,"featured_media":0,"parent":0,"menu_order":0,"comment_status":"closed","ping_status":"closed","template":"","meta":{"ngg_post_thumbnail":0,"footnotes":""},"class_list":["post-1787","page","type-page","status-publish","hentry"],"_links":{"self":[{"href":"https:\/\/schmaehingen.info\/index.php?rest_route=\/wp\/v2\/pages\/1787","targetHints":{"allow":["GET"]}}],"collection":[{"href":"https:\/\/schmaehingen.info\/index.php?rest_route=\/wp\/v2\/pages"}],"about":[{"href":"https:\/\/schmaehingen.info\/index.php?rest_route=\/wp\/v2\/types\/page"}],"author":[{"embeddable":true,"href":"https:\/\/schmaehingen.info\/index.php?rest_route=\/wp\/v2\/users\/1"}],"replies":[{"embeddable":true,"href":"https:\/\/schmaehingen.info\/index.php?rest_route=%2Fwp%2Fv2%2Fcomments&post=1787"}],"version-history":[{"count":10,"href":"https:\/\/schmaehingen.info\/index.php?rest_route=\/wp\/v2\/pages\/1787\/revisions"}],"predecessor-version":[{"id":2135,"href":"https:\/\/schmaehingen.info\/index.php?rest_route=\/wp\/v2\/pages\/1787\/revisions\/2135"}],"wp:attachment":[{"href":"https:\/\/schmaehingen.info\/index.php?rest_route=%2Fwp%2Fv2%2Fmedia&parent=1787"}],"curies":[{"name":"wp","href":"https:\/\/api.w.org\/{rel}","templated":true}]}}